{"id":75526,"date":"2025-08-26T00:07:32","date_gmt":"2025-08-25T21:07:32","guid":{"rendered":"https:\/\/www.sekerciler.net\/?post_type=product&#038;p=75526"},"modified":"2025-09-29T12:36:48","modified_gmt":"2025-09-29T09:36:48","slug":"honeymoon-kolajen","status":"publish","type":"product","link":"https:\/\/www.sekerciler.net\/?product=honeymoon-kolajen","title":{"rendered":"Kolajen"},"content":{"rendered":"<p><strong><span class=\"trx_addons_accent trx_addons_accent_bg\">Faydalar\u0131:<\/span><\/strong> Kolejen takviyesi ile eklemlerde ki a\u011fr\u0131lar ve iltihaplanmalar azal\u0131r. D\u00fczenli kullan\u0131m ile eklem s\u0131v\u0131s\u0131 eksikli\u011fi onar\u0131l\u0131r. Sel\u00fclitleri azalt\u0131r. Deri dokusunda iyile\u015fme sa\u011flar, ba\u011f dokusunu s\u0131k\u0131la\u015ft\u0131r\u0131r. T\u0131rnak, Sa\u00e7 ve Di\u015fleri g\u00fc\u00e7lendirir.<\/p>\n<p><span class=\"trx_addons_accent_bg\"><strong>Saklama Ko\u015fullar\u0131<\/strong>:<\/span> Oda s\u0131cakl\u0131\u011f\u0131nda serin bir yerde saklay\u0131n.<\/p>\n<p><strong><span class=\"trx_addons_accent_bg\">Kullan\u0131m \u00d6nerisi:<\/span><\/strong> G\u00fcnde 1 paket kullan\u0131lmas\u0131 tavsiye edilir. Yo\u011furt, \u00c7orba, Meyve Suyu gibi g\u0131dalara eklenerek t\u00fcketilmesi \u00f6nerilir. D\u00fczenli olarak yeti\u015fkinlerde en az 1 ay, ya\u015fl\u0131larda ise en az 3 ay kullan\u0131lmas\u0131 tavsiye edilir.<\/p>\n<p>240 gr<\/p>\n<p><strong>U.S. FDA registration NO:<\/strong> 12299971818<\/p>\n<p>Men\u015fei T\u00dcRK\u0130YE<\/p>\n<figure class=\"wp-block-table\">\n<table class=\"has-fixed-layout\">\n<tbody>\n<tr>\n<th style=\"text-align: center;\">ENERJ\u0130 ve BES\u0130N \u00d6\u011eELER\u0130<\/th>\n<th style=\"text-align: center;\">240 gr i\u00e7in<\/th>\n<\/tr>\n<tr>\n<td style=\"text-align: center;\">Enerji (ki\/kcal)<\/td>\n<td style=\"text-align: center;\">4641\/1092<\/td>\n<\/tr>\n<tr>\n<td style=\"text-align: center;\">Protein (gr)<\/td>\n<td style=\"text-align: center;\">&gt;220<\/td>\n<\/tr>\n<tr>\n<td style=\"text-align: center;\">Sodyum (mg)<\/td>\n<td style=\"text-align: center;\">&lt;900<\/td>\n<\/tr>\n<tr>\n<td style=\"text-align: center;\">Potasyum (mg)<\/td>\n<td style=\"text-align: center;\">&lt;24<\/td>\n<\/tr>\n<tr>\n<td style=\"text-align: center;\">Magnezyum (mg)<\/td>\n<td style=\"text-align: center;\">&lt;18<\/td>\n<\/tr>\n<tr>\n<td style=\"text-align: center;\">Fosfor (mg)<\/td>\n<td style=\"text-align: center;\">&lt;360<\/td>\n<\/tr>\n<tr>\n<td style=\"text-align: center;\">Kalsiyum (mg)<\/td>\n<td style=\"text-align: center;\">&lt;600<\/td>\n<\/tr>\n<\/tbody>\n<\/table>\n<\/figure>\n","protected":false},"excerpt":{"rendered":"<p><strong>XXX.<\/strong><\/p>\n<p><span class=\"trx_addons_accent_bg\"><strong>\u0130\u00e7indekiler<\/strong>:<\/span> XXX<\/p>\n","protected":false},"featured_media":75527,"comment_status":"open","ping_status":"closed","template":"","meta":[],"product_brand":[307],"product_cat":[304],"product_tag":[426,425,416],"class_list":{"0":"post-75526","1":"product","2":"type-product","3":"status-publish","4":"has-post-thumbnail","6":"product_brand-honeymoon","7":"product_cat-takviye-gida","8":"product_tag-collagen","9":"product_tag-kolajen","10":"product_tag-toz-icecek","12":"first","13":"instock","14":"shipping-taxable","15":"product-type-simple"},"_links":{"self":[{"href":"https:\/\/www.sekerciler.net\/index.php?rest_route=\/wp\/v2\/product\/75526","targetHints":{"allow":["GET"]}}],"collection":[{"href":"https:\/\/www.sekerciler.net\/index.php?rest_route=\/wp\/v2\/product"}],"about":[{"href":"https:\/\/www.sekerciler.net\/index.php?rest_route=\/wp\/v2\/types\/product"}],"replies":[{"embeddable":true,"href":"https:\/\/www.sekerciler.net\/index.php?rest_route=%2Fwp%2Fv2%2Fcomments&post=75526"}],"wp:featuredmedia":[{"embeddable":true,"href":"https:\/\/www.sekerciler.net\/index.php?rest_route=\/wp\/v2\/media\/75527"}],"wp:attachment":[{"href":"https:\/\/www.sekerciler.net\/index.php?rest_route=%2Fwp%2Fv2%2Fmedia&parent=75526"}],"wp:term":[{"taxonomy":"product_brand","embeddable":true,"href":"https:\/\/www.sekerciler.net\/index.php?rest_route=%2Fwp%2Fv2%2Fproduct_brand&post=75526"},{"taxonomy":"product_cat","embeddable":true,"href":"https:\/\/www.sekerciler.net\/index.php?rest_route=%2Fwp%2Fv2%2Fproduct_cat&post=75526"},{"taxonomy":"product_tag","embeddable":true,"href":"https:\/\/www.sekerciler.net\/index.php?rest_route=%2Fwp%2Fv2%2Fproduct_tag&post=75526"}],"curies":[{"name":"wp","href":"https:\/\/api.w.org\/{rel}","templated":true}]}}