{"id":75514,"date":"2025-08-25T23:55:23","date_gmt":"2025-08-25T20:55:23","guid":{"rendered":"https:\/\/www.sekerciler.net\/?post_type=product&#038;p=75514"},"modified":"2025-12-01T00:11:34","modified_gmt":"2025-11-30T21:11:34","slug":"honeymoon-cikolatali-bitkisel-karisim-kavanoz","status":"publish","type":"product","link":"https:\/\/www.sekerciler.net\/?product=honeymoon-cikolatali-bitkisel-karisim-kavanoz","title":{"rendered":"\u00c7ikolatal\u0131 Bitkisel Kar\u0131\u015f\u0131m Kavanoz"},"content":{"rendered":"<p><span class=\"trx_addons_accent_bg\"><strong>Saklama Ko\u015fullar\u0131<\/strong>:<\/span> G\u00fcne\u015f \u0131\u015f\u0131\u011f\u0131ndan uzakta, 18-30 \u00b0C aras\u0131nda serin yerde saklay\u0131n\u0131z.<\/p>\n<p><strong><span class=\"trx_addons_accent_bg\">Kullan\u0131m \u00d6nerisi:<\/span><\/strong> Hamile kad\u0131nlar ve 18 ya\u015f alt\u0131 \u00e7ocuklar i\u00e7in \u00f6nerilmez. \u0130htiya\u00e7 duyuldu\u011funda kullan\u0131lmas\u0131 tavsiye edilir.<\/p>\n<p><strong>U.S. FDA registration NO:<\/strong> 12299971818<\/p>\n<p>Men\u015fei T\u00dcRK\u0130YE<\/p>\n<figure class=\"wp-block-table\">\n<table class=\"has-fixed-layout\">\n<tbody>\n<tr>\n<th style=\"text-align: center;\">ENERJ\u0130 ve BES\u0130N \u00d6\u011eELER\u0130<\/th>\n<th style=\"text-align: center;\">100 gr i\u00e7in<\/th>\n<\/tr>\n<tr>\n<td style=\"text-align: center;\">Enerji (ki\/kcal)<\/td>\n<td style=\"text-align: center;\">2283\/546<\/td>\n<\/tr>\n<tr>\n<td style=\"text-align: center;\">Ya\u011f (gr)<\/td>\n<td style=\"text-align: center;\">36<\/td>\n<\/tr>\n<tr>\n<td style=\"text-align: center;\">Doymu\u015f Ya\u011f (gr)<\/td>\n<td style=\"text-align: center;\">15<\/td>\n<\/tr>\n<tr>\n<td style=\"text-align: center;\">Trans Ya\u011f (gr)<\/td>\n<td style=\"text-align: center;\">&lt;0,1<\/td>\n<\/tr>\n<tr>\n<td style=\"text-align: center;\">\u015eeker (gr)<\/td>\n<td style=\"text-align: center;\">32,3<\/td>\n<\/tr>\n<tr>\n<td style=\"text-align: center;\">Protein (gr)<\/td>\n<td style=\"text-align: center;\">7,2<\/td>\n<\/tr>\n<tr>\n<td style=\"text-align: center;\">Karbonhidrat (gr)<\/td>\n<td style=\"text-align: center;\">48,3<\/td>\n<\/tr>\n<tr>\n<td style=\"text-align: center;\">Tuz (gr)<\/td>\n<td style=\"text-align: center;\">0,2<\/td>\n<\/tr>\n<\/tbody>\n<\/table>\n<\/figure>\n","protected":false},"excerpt":{"rendered":"<p><strong>Porsiyonu ben belirlerim, ka\u015f\u0131klar\u0131m diyenlere.<\/strong><\/p>\n<p><span class=\"trx_addons_accent_bg\"><strong>\u0130\u00e7indekiler<\/strong>:<\/span> <span class=\"trx_addons_tooltip\" data-tooltip-text=\"%91,82\">\u00c7ikolata Sosu<\/span>, <span class=\"trx_addons_tooltip\" data-tooltip-text=\"%8,18\">Bitkisel Kar\u0131\u015f\u0131m<\/span>: <span class=\"trx_addons_tooltip\" data-tooltip-text=\"%0,9\">Ferula<\/span>, <span class=\"trx_addons_tooltip\" data-tooltip-text=\"%0,22\">Havl\u0131can<\/span>, <span class=\"trx_addons_tooltip\" data-tooltip-text=\"%0,3\">Fesle\u011fen<\/span>, <span class=\"trx_addons_tooltip\" data-tooltip-text=\"%0,6\">Ginseng<\/span>, <span class=\"trx_addons_tooltip\" data-tooltip-text=\"%0,39\">Zerde\u00e7al<\/span>, <span class=\"trx_addons_tooltip\" data-tooltip-text=\"%0,76\">Zencefil<\/span>, <span class=\"trx_addons_tooltip\" data-tooltip-text=\"%0. 56\">Ke\u00e7iboynuzu Tozu<\/span>, <span class=\"trx_addons_tooltip\" data-tooltip-text=\"%0,63\">Is\u0131rgan Otu<\/span>, <span class=\"trx_addons_tooltip\" data-tooltip-text=\"%0,59\">Tar\u00e7\u0131n<\/span>, <span class=\"trx_addons_tooltip\" data-tooltip-text=\"%0,74\">\u00c7\u00f6rek Otu<\/span>, <span class=\"trx_addons_tooltip\" data-tooltip-text=\"%0,32\">Mor Fesle\u011fen Yapra\u011f\u0131<\/span>, <span class=\"trx_addons_tooltip\" data-tooltip-text=\"%0,42\">Zeytin Yapra\u011f\u0131<\/span>, <span class=\"trx_addons_tooltip\" data-tooltip-text=\"%0,70\">Mehlep<\/span>, <span class=\"trx_addons_tooltip\" data-tooltip-text=\"%0,35\">Mekke G\u00fcl\u00fc<\/span>, <span class=\"trx_addons_tooltip\" data-tooltip-text=\"%0,71\">Mersin Yapra\u011f\u0131<\/span>.<\/p>\n","protected":false},"featured_media":75515,"comment_status":"open","ping_status":"closed","template":"","meta":[],"product_brand":[307],"product_cat":[180],"product_tag":[400,409,372,408,402],"class_list":{"0":"post-75514","1":"product","2":"type-product","3":"status-publish","4":"has-post-thumbnail","6":"product_brand-honeymoon","7":"product_cat-bitkisel-karisim","8":"product_tag-bal","9":"product_tag-bitkisel-karisim","10":"product_tag-cikolata","11":"product_tag-cikolatali-bitkisel-karisim","12":"product_tag-macun","14":"first","15":"instock","16":"shipping-taxable","17":"product-type-simple"},"_links":{"self":[{"href":"https:\/\/www.sekerciler.net\/index.php?rest_route=\/wp\/v2\/product\/75514","targetHints":{"allow":["GET"]}}],"collection":[{"href":"https:\/\/www.sekerciler.net\/index.php?rest_route=\/wp\/v2\/product"}],"about":[{"href":"https:\/\/www.sekerciler.net\/index.php?rest_route=\/wp\/v2\/types\/product"}],"replies":[{"embeddable":true,"href":"https:\/\/www.sekerciler.net\/index.php?rest_route=%2Fwp%2Fv2%2Fcomments&post=75514"}],"wp:featuredmedia":[{"embeddable":true,"href":"https:\/\/www.sekerciler.net\/index.php?rest_route=\/wp\/v2\/media\/75515"}],"wp:attachment":[{"href":"https:\/\/www.sekerciler.net\/index.php?rest_route=%2Fwp%2Fv2%2Fmedia&parent=75514"}],"wp:term":[{"taxonomy":"product_brand","embeddable":true,"href":"https:\/\/www.sekerciler.net\/index.php?rest_route=%2Fwp%2Fv2%2Fproduct_brand&post=75514"},{"taxonomy":"product_cat","embeddable":true,"href":"https:\/\/www.sekerciler.net\/index.php?rest_route=%2Fwp%2Fv2%2Fproduct_cat&post=75514"},{"taxonomy":"product_tag","embeddable":true,"href":"https:\/\/www.sekerciler.net\/index.php?rest_route=%2Fwp%2Fv2%2Fproduct_tag&post=75514"}],"curies":[{"name":"wp","href":"https:\/\/api.w.org\/{rel}","templated":true}]}}